{"id":64,"date":"2023-07-04T23:23:04","date_gmt":"2023-07-04T21:23:04","guid":{"rendered":"https:\/\/ltds.berthonneau.com\/?page_id=64"},"modified":"2023-07-04T23:23:04","modified_gmt":"2023-07-04T21:23:04","slug":"nous-rejoindre","status":"publish","type":"page","link":"https:\/\/ltds.berthonneau.com\/index.php\/nous-rejoindre\/","title":{"rendered":"Nous rejoindre"},"content":{"rendered":"\n<div class=\"wp-block-columns alignwide is-layout-flex wp-container-core-columns-is-layout-9d6595d7 wp-block-columns-is-layout-flex\">\n<div class=\"wp-block-column is-layout-flow wp-block-column-is-layout-flow\">\n<h2 class=\"wp-block-heading\">ADH\u00c9REZ A NOTRE CAUSE<\/h2>\n\n\n\n<p>Notre association ne vit qu\u2019avec la g\u00e9n\u00e9rosit\u00e9 du public, sans subvention d\u2019Etat ; elle est g\u00e9r\u00e9e exclusivement par des b\u00e9n\u00e9voles et l\u2019int\u00e9gralit\u00e9 des dons est utilis\u00e9 au b\u00e9n\u00e9fice des animaux. Gr\u00e2ce \u00e0 votre adh\u00e9sion nous pourrons assurer les premiers soins et aider nos familles d\u2019accueil \u00e0 acheter les premi\u00e8res n\u00e9cessit\u00e9s de nos prot\u00e9g\u00e9s.<\/p>\n\n\n\n<p>Sans votre g\u00e9n\u00e9rosit\u00e9, rien ne serait possible.<\/p>\n\n\n\n<div class=\"wp-block-file\"><a href=\"http:\/\/ltds.berthonneau.com\/wp-content\/uploads\/2023\/07\/QPA-Les-truffes-du-soleil.pdf\" class=\"wp-block-file__button wp-element-button\" download>Formulaire d&#8217;adh\u00e9sion<\/a><\/div>\n<\/div>\n\n\n\n<div class=\"wp-block-column is-layout-flow wp-block-column-is-layout-flow\"><div class=\"wp-block-image\">\n<figure class=\"aligncenter size-full is-resized\"><img loading=\"lazy\" decoding=\"async\" src=\"http:\/\/ltds.berthonneau.com\/wp-content\/uploads\/2023\/07\/FA.jpg\" alt=\"\" class=\"wp-image-65\" width=\"360\" height=\"480\" srcset=\"https:\/\/ltds.berthonneau.com\/wp-content\/uploads\/2023\/07\/FA.jpg 720w, https:\/\/ltds.berthonneau.com\/wp-content\/uploads\/2023\/07\/FA-225x300.jpg 225w\" sizes=\"auto, (max-width: 360px) 100vw, 360px\" \/><\/figure>\n<\/div><\/div>\n\n\n\n<div class=\"wp-block-column is-layout-flow wp-block-column-is-layout-flow\">\n<h2 class=\"wp-block-heading\">DEVENEZ FAMILLE D&#8217;ACCUEIL<\/h2>\n\n\n\n<p>En h\u00e9bergeant un animal pendant quelques temps, vous lui \u00e9vitez le stress de la cage et nous laissez le temps de lui trouver sa famille pour la vie.<\/p>\n\n\n\n<p>Nous recherchons aussi bien en Guadeloupe qu&#8217;en m\u00e9tropole. Le r\u00f4le de la FA est d&#8217;accueillir notre prot\u00e9g\u00e9 jusqu&#8217;\u00e0 son adoption.<\/p>\n\n\n\n<p>\u200bVous souhaitez devenir famille d&#8217;accueil?<\/p>\n\n\n\n<p>Contactez-nous \u00e0 <a href=\"mailto:lestruffesdusoleil@gmail.com\" target=\"_blank\" rel=\"noreferrer noopener\">lestruffesdusoleil@gmail.com<\/a><\/p>\n<\/div>\n<\/div>\n","protected":false},"excerpt":{"rendered":"<p>ADH\u00c9REZ A NOTRE CAUSE Notre association ne vit qu\u2019avec la g\u00e9n\u00e9rosit\u00e9 du public, sans subvention d\u2019Etat ; elle est g\u00e9r\u00e9e exclusivement par des b\u00e9n\u00e9voles et l\u2019int\u00e9gralit\u00e9 des dons est utilis\u00e9 au b\u00e9n\u00e9fice des animaux. Gr\u00e2ce \u00e0 votre adh\u00e9sion nous pourrons assurer les premiers soins et aider nos familles d\u2019accueil \u00e0 acheter les premi\u00e8res n\u00e9cessit\u00e9s de&hellip; <a class=\"more-link\" href=\"https:\/\/ltds.berthonneau.com\/index.php\/nous-rejoindre\/\">Continue reading <span class=\"screen-reader-text\">Nous rejoindre<\/span><\/a><\/p>\n","protected":false},"author":1,"featured_media":0,"parent":0,"menu_order":0,"comment_status":"closed","ping_status":"closed","template":"","meta":{"footnotes":""},"class_list":["post-64","page","type-page","status-publish","hentry","entry"],"_links":{"self":[{"href":"https:\/\/ltds.berthonneau.com\/index.php\/wp-json\/wp\/v2\/pages\/64","targetHints":{"allow":["GET"]}}],"collection":[{"href":"https:\/\/ltds.berthonneau.com\/index.php\/wp-json\/wp\/v2\/pages"}],"about":[{"href":"https:\/\/ltds.berthonneau.com\/index.php\/wp-json\/wp\/v2\/types\/page"}],"author":[{"embeddable":true,"href":"https:\/\/ltds.berthonneau.com\/index.php\/wp-json\/wp\/v2\/users\/1"}],"replies":[{"embeddable":true,"href":"https:\/\/ltds.berthonneau.com\/index.php\/wp-json\/wp\/v2\/comments?post=64"}],"version-history":[{"count":1,"href":"https:\/\/ltds.berthonneau.com\/index.php\/wp-json\/wp\/v2\/pages\/64\/revisions"}],"predecessor-version":[{"id":66,"href":"https:\/\/ltds.berthonneau.com\/index.php\/wp-json\/wp\/v2\/pages\/64\/revisions\/66"}],"wp:attachment":[{"href":"https:\/\/ltds.berthonneau.com\/index.php\/wp-json\/wp\/v2\/media?parent=64"}],"curies":[{"name":"wp","href":"https:\/\/api.w.org\/{rel}","templated":true}]}}